.
3, 17, 1442627
List the prime factors of 326258191.
7, 6007, 7759
List the prime factors of 1323166812.
2, 3, 11, 10023991
What are the prime factors of 257376583?
17, 101, 149899
What are the prime factors of 17963642?
2, 127, 197, 359
What are the prime factors of 1810805359?
11, 173, 951553
List the prime factors of 495471843.
3, 43, 426763
What are the prime factors of 2049597375?
3, 5, 7, 780799
List the prime factors of 597586974.
2, 3, 19, 241, 21751
List the prime factors of 135851098.
2, 67925549
What are the prime factors of 3868598643?
3, 7, 13, 23, 616117
What are the prime factors of 13665569?
17, 803857
List the prime factors of 881199704.
2, 7, 11, 587, 2437
List the prime factors of 66189890.
2, 5, 13, 29, 97, 181
List the prime factors of 67597088.
2, 13, 162493
List the prime factors of 90058750.
2, 5, 72047
List the prime factors of 2547609157.
2547609157
List the prime factors of 785249750.
2, 5, 101, 137, 227
What are the prime factors of 130057937?
79, 1646303
What are the prime factors of 134460356?
2, 29, 433, 2677
List the prime factors of 520258212.
2, 3, 271, 53327
What are the prime factors of 138402845?
5, 7, 23, 171929
List the prime factors of 51575342.
2, 7, 13, 40483
List the prime factors of 164007109.
7, 17, 863, 1597
List the prime factors of 4875720350.
2, 5, 97514407
What are the prime factors of 20115063?
3, 17, 31, 4241
What are the prime factors of 83469052?
2, 19, 587, 1871
What are the prime factors of 21214707?
3, 1543, 4583
List the prime factors of 455429327.
455429327
What are the prime factors of 4033896932?
2, 13, 77574941
What are the prime factors of 4289489400?
2, 3, 5, 7, 19, 1097
What are the prime factors of 485120836?
2, 137, 885257
List the prime factors of 711525100.
2, 5, 11, 13, 49757
List the prime factors of 86423046.
2, 3, 37, 71, 5483
What are the prime factors of 373358877?
3, 124452959
What are the prime factors of 2789948615?
5, 373, 509, 2939
What are the prime factors of 37521858?
2, 3, 11, 51683
What are the prime factors of 1051906560?
2, 3, 5, 29, 4723
List the prime factors of 287691855.
3, 5, 11, 227, 7681
What are the prime factors of 67025325?
3, 5, 893671
List the prime factors of 208359603.
3, 2447, 9461
List the prime factors of 523866220.
2, 5, 17, 1540783
List the prime factors of 6560097102.
2, 3, 13, 28034603
List the prime factors of 118248496.
2, 7390531
List the prime factors of 2097647021.
2097647021
List the prime factors of 91464504.
2, 3, 613, 6217
List the prime factors of 230328171.
3, 31, 275183
What are the prime factors of 3509107822?
2, 11, 29, 189661
List the prime factors of 132574802.
2, 103, 643567
What are the prime factors of 39223321?
1613, 24317
What are the prime factors of 2249240124?
2, 3, 173, 1083449
List the prime factors of 206253576.
2, 3, 2864633
What are the prime factors of 78672960?
2, 3, 5, 59, 463
List the prime factors of 65041858.
2, 7, 67, 69341
List the prime factors of 6784402820.
2, 5, 13, 151, 172807
What are the prime factors of 136165673?
7, 19452239
What are the prime factors of 3751120229?
103, 36418643
What are the prime factors of 255467472?
2, 3, 13, 43, 9521
What are the prime factors of 34442913?
3, 131, 87641
List the prime factors of 252850266.
2, 3, 14047237
List the prime factors of 3330647034.
2, 3, 11, 13, 3881873
List the prime factors of 2060006415.
3, 5, 137333761
What are the prime factors of 4236787920?
2, 3, 5, 701, 25183
What are the prime factors of 240137597?
7, 17, 2017963
List the prime factors of 307795488.
2, 3, 7, 11, 13, 3203
What are the prime factors of 1075032971?
3347, 321193
What are the prime factors of 37285356?
2, 3, 3107113
What are the prime factors of 836750093?
541, 659, 2347
List the prime factors of 3859728418.
2, 7, 13, 43, 493193
What are the prime factors of 264521245?
5, 52904249
What are the prime factors of 97421961?
3, 7, 13, 43, 193
What are the prime factors of 2624236?
2, 307, 2137
List the prime factors of 30993352.
2, 13, 298013
List the prime factors of 10413841.
10413841
What are the prime factors of 107232283?
107232283
What are the prime factors of 41443142?
2, 13, 19, 43, 1951
List the prime factors of 2073541104.
2, 3, 14399591
List the prime factors of 23716093.
1031, 23003
What are the prime factors of 289112732?
2, 72278183
List the prime factors of 1644033197.
19, 179, 483397
What are the prime factors of 385408223?
101, 3815923
List the prime factors of 39616821.
3, 4401869
What are the prime factors of 1220579011?
1220579011
List the prime factors of 30938446.
2, 7, 11, 200899
List the prime factors of 790641969.
3, 13, 53, 382507
What are the prime factors of 83507041?
83507041
List the prime factors of 4357068956.
2, 337, 3232247
List the prime factors of 871767481.
13, 19, 3529423
List the prime factors of 41423361.
3, 7, 1972541
List the prime factors of 1146352324.
2, 13, 22045237
List the prime factors of 5263193604.
2, 3, 9829, 44623
List the prime factors of 231082927.
631, 366217
List the prime factors of 204824942.
2, 7, 17, 860609
What are the prime factors of 1392128535?
3, 5, 7, 313, 42359
List the prime factors of 7702750015.
5, 59, 2207, 11831
List the prime factors of 498707463.
3, 166235821
List the prime factors of 52166401.
7, 67, 111229
What are the prime factors of 41117148?
2, 3, 211, 5413
What are the prime factors of 3440931041?
7507, 458363
What are the prime factors of 54707198?
2, 7, 13, 300589
List the prime factors of 3407339033.
7, 547, 889877
List the prime factors of 493035683.
7, 17, 59, 70223
What are the prime factors of 230100789?
3, 76700263
List the prime factors of 171119903.
47, 3640849
What are the prime factors of 5096941438?
2, 37, 2647, 26021
What are the prime factors of 166657897?
7, 137, 173783
List the prime factors of 7454687278.
2, 19, 29, 233, 29033
What are the prime factors of 188219754?
2, 3, 1459, 2389
List the prime factors of 810199496.
2, 101274937
List the prime factors of 73699279.
2803, 26293
What are the prime factors of 211564514?
2, 7, 15111751
What are the prime factors of 487716192?
2, 3, 491, 3449
List the prime factors of 550242486.
2, 3, 127, 240701
List the prime factors of 20997439.
1063, 19753
List the prime factors of 22178536.
2, 2772317
What are the prime factors of 87221775?
3, 5, 1162957
What are the prime factors of 182505372?
2, 3, 7, 137, 15859
What are the prime factors of 11035449?
3, 61, 20101
What are the prime factors of 476426571?
3, 181, 877397
List the prime factors of 225278769.
3, 811, 92593
List the prime factors of 7452117218.
2, 7, 13, 31, 223, 5923
What are the prime factors of 25076753?
13, 919, 2099
What are the prime factors of 214269845?
5, 42853969
What are the prime factors of 706990723?
1031, 685733
List the prime factors of 556884976.
2, 34805311
What are the prime factors of 1555465618?
2, 7, 111104687
What are the prime factors of 2110853650?
2, 5, 2657, 15889
What are the prime factors of 11875898?
2, 5937949
List the prime factors of 729741783.
3, 243247261
List the prime factors of 31886620.
2, 5, 1594331
List the prime factors of 46089576.
2, 3, 13, 41, 1201
What are the prime factors of 83651010?
2, 3, 5, 2788367
What are the prime factors of 306637469?
691, 443759
What are the prime factors of 423999447?
3, 131, 1078879
What are the prime factors of 2836601866?
2, 7, 31, 933707
List the prime factors of 2601688646.
2, 1300844323
What are the prime factors of 272155983?
3, 11, 749741
What are the prime factors of 1656220557?
3, 19, 743, 39107
List the prime factors of 85481903.
13, 317, 20743
What are the prime factors of 894006328?
2, 4721, 23671
What are the prime factors of 139272815?
5, 11, 230203
List the prime factors of 1904552222.
2, 7517, 126683
List the prime factors of 4144416677.
61, 67941257
List the prime factors of 1517117557.
307, 4941751
List the prime factors of 13743306.
2, 3, 83, 9199
What are the prime factors of 1068359028?
2, 3, 11, 79, 102451
What are the prime factors of 97792541?
7, 11, 1270033
List the prime factors of 173920633.
31, 47, 79, 1511
What are the prime factors of 1736013803?
17, 23, 73, 60821
List the prime factors of 1484776171.
2063, 719717
What are the prime factors of 1513493925?
3, 5, 19, 127, 83